7 is divided by o?
3
Let d be (-2)/(-7) + (-27)/21. Let t(p) be the first derivative of 25*p**3/3 + p**2/2 + p - 39. Calculate the remainder when t(d) is divided by 9.
7
Let s = 5 - -12. Let o = s - 14. What is the remainder when 64 is divided by 1*o - 112/(-8)?
13
Suppose 5*s + 25 = 0, 2*z + 186 = -2*z - 2*s. Let q = z - -169. Suppose 10*l - 5*l = q. Calculate the remainder when l is divided by 7.
4
Let n = -34 + 47. Let z(r) = -170*r**3 - 2*r**2 - 2*r - 1. Let w be z(-1). Let x = w - 119. What is the remainder when x is divided by n?
11
Let b(d) = d**3 + 6*d**2 + 6*d + 4. Let w(s) = 2*s**2 + 11*s - 10. Let v be w(-6). Calculate the remainder when 59 is divided by b(v).
11
Let d be 302/(-6) + (8/(-12) - -1). Let s = 65 + d. Let n = -56 + 98. What is the remainder when n is divided by s?
12
Let m(i) = i**3 + 9*i**2 + 8*i - 4. Suppose 0 = -833*r + 806*r + 810. Calculate the remainder when m(-6) is divided by r.
26
Let h be 2/3 + 2828/42. Let m = h + -58. What is the remainder when 2/3 - (-109)/3 is divided by m?
7
Let j = -216 + 227. Let a = -69 + 120. What is the remainder when a is divided by j?
7
Suppose 7*b + 17 - 66 = 0. Let u(w) = -w**2 + 5*w + 14. Let f be u(b). Suppose 3*o - 2*o - 5 = f. Calculate the remainder when o is divided by 3.
2
Suppose 0 = -5*o + 15, -3*n = o + 3*o - 453. Let i = n - 102. What is the remainder when i is divided by 23?
22
Let y = 24 + -24. What is the remainder when y + (303/(-6))/(3/(-6)) is divided by 35?
31
Suppose 10*s = 117 - 447. Let v = s + 68. What is the remainder when v is divided by 9?
8
Let h(z) = 5*z + 10*z - 20*z**2 + 6*z + z**3 + 7. Suppose -2*o + b = -53, -o - 5*b - 121 = -5*o. What is the remainder when h(19) is divided by o?
21
Suppose -w - 4*w = -5, -5*h + 42 = 2*w. Suppose -2*a + 6*a - 28 = 0. Suppose 0 = a*l - 3*l - 52. Calculate the remainder when l is divided by h.
5
Let y = 103 + -52. Suppose 3*x + y = 4*x. Let z = x - 27. What is the remainder when 47 is divided by z?
23
Suppose 2*h + 4*x - 30 = 0, -32 = -4*h - 3*x + 2*x. Let n = 18 + h. What is the remainder when n is divided by 15?
10
Calculate the remainder when ((16*32)/4)/2 is divided by (-25 - 1)*1/(-2)*1.
12
Let a = 1174 - 128. Calculate the remainder when a is divided by 70.
66
Let n(m) = -m + 11. Let r be n(7). Suppose u + 37 = 3*s, -3*s - 2*s - r*u = -39. What is the remainder when 20 is divided by s?
9
Let v(x) = 4*x + 27. Let t(z) = 5*z + 27. Let p(c) = -3*t(c) + 4*v(c). Calculate the remainder when 65 is divided by p(-5).
21
Suppose 8*d - 3*d - 80 = 0. What is the remainder when -1 - ((-49 - -3 - 0) + -1) is divided by d?
14
Let p(s) = -s**3 - s**2 - 2*s + 4. Let c = -25 - -25. Let t be p(c). Calculate the remainder when t - (0 + (-34)/1) is divided by 13.
12
Let n = 85 - -40. Calculate the remainder when n is divided by 21.
20
Let s(n) = 9*n**2 + 9*n - 2. Calculate the remainder when s(-4) is divided by 27.
25
Let p(f) = -8*f + 365. What is the remainder when p(-13) is divided by 17?
10
Let x = 148 - 141. What is the remainder when 17 is divided by x?
3
Suppose -4*p = -62 - 234. What is the remainder when 812 is divided by p?
72
Let o = 534 + -506. What is the remainder when o is divided by 3?
1
What is the remainder when 110 is divided by ((-546)/8)/7*-4?
32
Suppose -238*c - 2*u + 46 = -236*c, -3*u = 2*c - 42. What is the remainder when c is divided by (10 + -3)*(0 - -1)?
6
Let j = 42 - 4. Let d(m) = m + 3. Let t be d(-3). Suppose t = -4*n - 7 + 47. Calculate the remainder when j is divided by n.
8
Let b(g) = -g**3 + 8*g**2 - 10*g + 9. Let a be b(7). Let u = a + 26. Let z = -3 - -28. What is the remainder when z is divided by u?
11
Let w = 499 + -428. What is the remainder when 349 is divided by w?
65
Let a = 13 - 1. What is the remainder when 61 is divided by 0 + 8/a - 122/(-6)?
19
Suppose -5*t + 32 = -43. Let p(y) = 197*y + 12. Let o be p(-4). What is the remainder when 51 is divided by o/(-30) - (-2)/t?
25
Let c = -27 + 43. Let n(f) = 10*f - 28. Calculate the remainder when n(9) is divided by c.
14
What is the remainder when (560/(-12) - 0)*54/(-21) is divided by 41?
38
Let d(m) = 119 + 3*m + m - 2*m - 29. Let y = -18 + 41. Calculate the remainder when d(0) is divided by y.
21
Let a = 259 + -160. Calculate the remainder when a is divided by 23.
7
Suppose 4 + 23 = -3*p. Let m(y) = y**2 + 7*y + 17. Let t be m(p). Let a = t - 17. Calculate the remainder when a is divided by 10.
8
Suppose 0 = -3*q + 4*j + 83, 0 = 3*q + 2*j - 3*j - 77. What is the remainder when 270 is divided by q?
20
Suppose -2*d + 4*a - 695 = -7*d, -2*a = 2*d - 280. Calculate the remainder when d is divided by 20.
15
Suppose -35*f + 1176 = -7*f. Calculate the remainder when 50 is divided by f.
8
Let p = 0 - -4. Suppose 0 = 2*o - x - 5, 2*o = p*o + 5*x - 23. Let f = 27 - 14. Calculate the remainder when f is divided by o.
1
Let u(q) = q**2 - 5*q - 3. Suppose -4*f + 247 = 47. Suppose f = -7*k + 71. What is the remainder when k is divided by u(6)?
0
Suppose -3*f - 93 = -3*n, -2*f = 3*n - 80 - 28. Let o = 93 - n. Suppose -17*j = -20*j + 45. What is the remainder when o is divided by j?
14
Let a = 95 - 96. Calculate the remainder when 50 is divided by (-186)/(-14) - (a + (-36)/(-28)).
11
Suppose 3*j = -5*b + 115, -2*b + 3*b = 5*j - 229. Let g(k) = k + 7. Let z be g(-3). Suppose o = -z*o + j. Calculate the remainder when 17 is divided by o.
8
Suppose -12*k + 2457 = k. Calculate the remainder when k is divided by 48.
45
Suppose 16 = 4*u + 3*h - 1, 0 = 2*u + 5*h - 19. Suppose -u*l = 3*l - 100. What is the remainder when l is divided by 11?
9
Let r be 10/6*72/(-6). Let x = 29 + r. Suppose 3*w = 20 - 5. Calculate the remainder when x is divided by w.
4
Suppose q - 136 = 9*q. Let r = 50 + q. What is the remainder when r is divided by 18?
15
Suppose 3*k + 132 = 6*k. Calculate the remainder when (105/(-40)*-4)/((-15)/(-250)) is divided by k.
43
Let u = 249 + -239. What is the remainder when 22 is divided by u?
2
Let k be 1 + 4 + (-20)/5. Suppose 18 = h - k. Calculate the remainder when 74 is divided by h.
17
Let i(g) be the first derivative of 1/3*g**3 + 1 + 2*g + 3/2*g**2. Calculate the remainder when 37 is divided by i(3).
17
Let q = 53 + -38. Let g = q + -2. What is the remainder when 36 is divided by g?
10
Suppose 4*s - 4*c + 12 = 0, 5*s + 5 + 6 = c. Calculate the remainder when 42 is divided by 18 + (-2 + s - -2).
10
Suppose 0 = -4*h + 23 + 61. Let y = -5 + 2. What is the remainder when 5 is divided by -1*h/y + -4?
2
Let r(f) = f**2 + f + 4. What is the remainder when 231 is divided by r(6)?
1
Suppose 49*u - 1716 = -17*u. What is the remainder when 103 + -1*1 + 0 is divided by u?
24
Let g = 830 - 637. Calculate the remainder when g is divided by 15.
13
Suppose -203 = -2*y + 4*c + 69, 5*c = 3*y - 405. Calculate the remainder when y is divided by 4.
2
Suppose -4*m - 16*m + 2960 = 0. What is the remainder when m is divided by 25?
23
Suppose -5*r - 10*g + 105 = -5*g, -g + 43 = 2*r. Calculate the remainder when 175 is divided by r.
21
Let d(a) = 22 + 17*a - a**2 - 11*a - 21*a. Let q be d(-16). Suppose 83 = 3*b - z, q*b - 3*b - 5*z - 103 = 0. Calculate the remainder when b is divided by 14.
12
Let u be ((-148)/333)/((-2)/18). Let v be 4 - (0/1)/2. Suppose u*f = -v + 28. What is the remainder when 21 is divided by f?
3
Let z(s) = -s**3 + 4*s**2 - 3*s + 8. Let n be z(6). Let a = n - -47. Let j = -16 - a. Calculate the remainder when j is divided by 10.
9
Let k = 678 + -688. Suppose 0 = 2*a + 3*a - 25. Let b = a - k. What is the remainder when 27 is divided by b?
12
Suppose 0 = 11*l - 27*l + 544. What is the remainder when 112 is divided by l?
10
Suppose 862 = 5*i - 813. Suppose 2*y - i = -3*y. Calculate the remainder when y is divided by (-60)/(-12)*85/25.
16
Suppose g = -3*x + 1657, -1114 = -8*x + 6*x - 3*g. Calculate the remainder when x is divided by 18.
11
Suppose 2*m + 3*r = 3, -4*r = -2*m - 9*r - 3. Calculate the remainder when 10 is divided by m.
4
Suppose -20 = -5*c, 0 = f + 14*c - 10*c - 389. What is the remainder when f is divided by 22?
21
Let k = 7 + -3. Suppose -t = -k*t + 9. What is the remainder when -188*1/(-6)*t is divided by 24?
22
Let z(b) = 2*b + 2. Let r be z(0). Suppose -r*o + 170 = -4. Calculate the remainder when o is divided by 30.
27
Let v 